 Give r(16).
-14
Suppose 0 = b - 13, 4*d + 93 - 28 = 5*b. Let h(s) = s**3 + 0*s**3 + 8 + s + 0*s**3. Calculate h(d).
8
Let w(t) = 43*t**2 - 17*t + 8. Let n(g) = 22*g**2 - 9*g + 5. Let b(y) = -7*n(y) + 3*w(y). What is b(1)?
-24
Let w(s) be the first derivative of -8*s**2 - 54*s + 766. Calculate w(-7).
58
Let l(x) = -4*x**3 - 35*x**2 + 11*x + 11. Let a(n) = -170*n + 3901. Let h be a(23). What is l(h)?
-7
Let a(b) = 7*b**2 - b. Let w(r) = 35*r. Let p be w(1). Let x = p + 63. Suppose -x*n + 100*n = 2. Determine a(n).
6
Let c = 22 - 40. Let m(r) be the third derivative of r**4/8 + 55*r**3/6 - 4533*r**2. Let l be m(c). Let z(h) = 5*h**3 - 2*h**2 + h. Determine z(l).
4
Let o(r) = -2*r + 23. Let v(l) = 2*l**2 - 51*l - 671. Let k be v(35). Determine o(k).
35
Let c = -9199 + 9192. Let i(t) be the third derivative of 3*t**2 - 1/12*t**4 - 1/120*t**6 + 0 + 0*t - 7/60*t**5 - 7/6*t**3. Determine i(c).
7
Let m(b) = 9*b**2 - 9*b + 3. Let d(q) = -2*q**2 + 1. Let p(f) = -5*d(f) - m(f). Suppose 0 = 3*y - 2*o - 3 - 3, 0 = -o + 3. Let t = -13 + y. Calculate p(t).
-8
Let l(m) = -m**2 + 7*m + 1. Let v = -313 + 321. Let i(s) = 3*s**2 - 20*s - 2 - 6*s + 6*s. Let y(o) = v*l(o) + 3*i(o). Calculate y(3).
-1
Let x(n) = 14*n - 198. Let b(l) = 7*l - 111. Let m(c) = -7*b(c) + 4*x(c). What is m(5)?
20
Let h = 18 - 4. Suppose 13 = 5*w - m + h, -w - 2*m + 2 = 0. Let p(t) = 4*t + 3. Give p(w).
3
Let t(b) = -6 - 15*b**2 + 74*b**2 + 39321*b**3 - 39322*b**3 + 60*b. What is t(60)?
-6
Let h(b) = 3*b + 330. Let l(w) = w + 89. Let q(n) = -4*h(n) + 14*l(n). Determine q(7).
-60
Suppose -2*g + 24 = 2*v, 5*v + 3*g = 13 + 45. Let j(c) = 8*c**2 + 28*c - 1. Let i(z) = 3*z**2 + 9*z + 1. Let b(r) = v*i(r) - 4*j(r). What is b(11)?
-7
Let x(y) = -y**3 - 9*y**2 + 8*y. Let s be x(-10). Suppose 14*j = s*j - 6. Let t(m) be the second derivative of m**4/6 + m**2/2 + m. Calculate t(j).
3
Let a(v) = 2*v**2 - 16*v + 23. Suppose 0 = -d - 2*l, 2*d + 256*l = 251*l - 3. Calculate a(d).
-1
Suppose -5*g + 2*g = 33. Let o(r) be the third derivative of -1/6*r**3 + 1/24*r**4 + 0*r + 0 - 235*r**2. Determine o(g).
-12
Let u = 55 + -59. Let r(p) = 5*p - 9. Let w(l) = 5*l - 10. Let a(g) = 6*r(g) - 5*w(g). Give a(u).
-24
Let d be 4/(-6) - ((-32)/(-24) - 6). Suppose -n + 19 = -3*n - 5*z, -10 = 5*n + 5*z. Let k(j) = -n + 6 + 3*j - d. Determine k(-2).
-7
Let p(l) = 3*l - 4*l**3 + 0*l**3 + 2*l**3 + 14 + l**3 - 5*l**2. Calculate p(-6).
32
Let i = 4141 - 2789. Suppose 4*l = i - 1336. Let y(p) = -p**3 + 4*p**2 - 2*p + 6. Give y(l).
-2
Let y(a) = -10*a - 10. Suppose -p - 212 = -59*p + 136. Give y(p).
-70
Suppose -33*r = -28*r. Let h be 7/(-7)*(-1 + 2). Let i(s) = -s + 2. Let c(u) = -1. Let w(v) = h*i(v) + 3*c(v). Give w(r).
-5
Let f(d) = -8*d**2 + 14*d**2 + 7 - 5*d**2 + d. Suppose -p - 14*g + 17*g - 12 = 0, 2*p = 4*g - 16. Determine f(p).
7
Let l(y) = 6*y + 2. Let r be l(-1). Let m(n) = 3*n**2 + 4*n + 6. Calculate m(r).
38
Let x be 10 + -29 + (1 - -10). Let z(c) = -3*c**2 - 23*c + 5. Give z(x).
-3
Let h(t) = -2*t + 8546300 + 3*t - 8546286. Calculate h(7).
21
Let f(h) = -h**2 + 9*h + 1. Suppose -k = -4 + 42. Suppose 5*o = -5*g - 240, 4*o - g + 4*g + 190 = 0. Let r = k - o. Determine f(r).
9
Let p be (2*(-36)/40 + 1)*-5. Let n be (24/(-32))/((-1)/p). Let k(b) = -b**n - 3*b**2 + 83 - 83 + 3*b. What is k(-3)?
-9
Let r(x) = -155*x**2 + 725*x**2 + 6*x - 564*x**2 + x**3. Suppose 4*l + 4*t = 6*t - 18, -t - 7 = 2*l. Give r(l).
8
Let w = 400 - 386. Let y be ((-438)/(-511))/(4/w - 0). Let i(m) = m**3 + 5*m - 5*m + 3 - 3*m**2 - 2*m. Give i(y).
-3
Let u(n) be the first derivative of 1/60*n**5 - 17 - 1/2*n**2 + 1/8*n**4 + 0*n + 2/3*n**3. Let o(d) be the second derivative of u(d). Calculate o(-3).
4
Let k(w) = w**3 - 19*w**2 + 84*w - 181. Let u be k(14). Let d(t) = -11*t + 157. Calculate d(u).
-8
Let s(y) be the third derivative of -y**5/60 + 5*y**4/24 + 5*y**3/6 - 11*y**2. Let q = 334 + -327. What is s(q)?
-9
Let a(w) = -18*w**2 + 199*w - 17. Let v(r) = 2*r**3 - 34*r**2 - 5*r + 96. Let z be v(17). Calculate a(z).
-6
Suppose 3*g = -21 - 6. Let z(d) = 0 + 6 - 6 - 13*d + 14*d + 1. What is z(g)?
-8
Let y(l) = 10*l + 20. Suppose 64*d - 819 = 155*d. Give y(d).
-70
Let i(t) be the third derivative of -2*t**2 + 0*t + 0 - 7/12*t**4 + 1/120*t**5 - 1/3*t**3. Let b(g) be the first derivative of i(g). Give b(0).
-14
Let u(b) = -b**3 - 37*b**2 - 131*b + 30. Let o be (-440)/(-16)*((-6)/(-5)*-1 - 0). Determine u(o).
-3
Let z be (-4)/6 + 120/(-9). Let s(c) = 11 + 36*c - 4 - 69*c + 20*c - c**2. What is s(z)?
-7
Let x(r) = 5*r - 82. Let b = -2313 - -2331. Calculate x(b).
8
Let j(s) = -5*s**2 + 5*s. Let p(m) = -m + 1. Let u be p(-6). Let v(r) = -85*r**2 - 2*r - 77*r**2 + 165*r**2 + 0*r. Let o(t) = u*v(t) + 3*j(t). What is o(-1)?
5
Let a(w) = -w**3 + 2*w**2 + w + 3. Suppose -4*z + 1 = -19, -5*r - 2*z = -20. Let l(f) = f**r - 1476*f - f**3 + 1476*f. Let i(p) = a(p) - 2*l(p). What is i(0)?
3
Let w = 66 + -35. Suppose 0 = -4*r + 5*y + 45, 2*r + 3*y + 0*y + 5 = 0. Suppose 0 = r*k - w + 71. Let h(s) = -s**3 - 7*s**2 + 8*s - 3. What is h(k)?
-3
Let m(i) = -9*i - 71. Let w be m(-9). Let b(k) = w*k + 11*k - 20*k. Give b(-7).
-7
Let j(u) = -10*u**2 - u + 3 - u**3 - 7*u + 1. Let r(k) = -k**2 - k. Suppose -5*m + 5*y + 0 = -15, y + 7 = -3*m. Let p(l) = m*j(l) + 2*r(l). What is p(-7)?
3
Suppose -2*s - 4*w = -4*s + 6, -2*s + 3*w = -9. Let c = s + -9. Let k(v) = -3*v**2 + 2*v - 13054*v**3 + 4*v**2 - 5 + 13055*v**3 - 3*v. What is k(c)?
-5
Let l(b) = b**3 + 10*b**2 + 9*b + 10. Let f be 28/4 - -1 - (27 - 11). Determine l(f).
66
Let b = -2951 + 2953. Let n(f) = -9*f + 11. Determine n(b).
-7
Let g(z) be the third derivative of -z**4/24 + 7*z**3/2 - z**2 - 1306*z. Determine g(21).
0
Let a(s) = -s**2 + 3*s + 6. Let v(d) = d**3 - 8*d**2 + 6*d + 3. Let o be ((-6)/9)/((-4)/42). Let p be v(o). Determine a(p).
-22
Let j(x) = -x**3 - 3*x**2 - 5*x - 2. Suppose 4*m + 24 = 2*s, 0 = -5*s + 5*m + 18 + 22. Suppose -s*r = -2*v - 9 + 23, -2*r - 3*v + 5 = 0. Give j(r).
4
Let l(o) = -3*o**2 - 12*o + 10. Suppose 3*z + x - 3 = -0, -5*z - x = -5. Determine l(z).
-5
Let x(u) = -3*u - 3*u + u + 0*u. Let n = 14 + -4. Suppose 0 = 7*f - n*f, -3*s - 5*f - 3 = 0. Give x(s).
5
Suppose -4*r + 1441 = 7*r. Suppose -3*p - r + 152 = 0. Let f(q) = -26*q**2 - 7*q - 1 + 27*q**2 + q. Determine f(p).
6
Let t(d) = 1. Let r(s) = -s**2 - 7*s - 8. Suppose -6 - 5 = -11*l. Let q(a) = l*r(a) + 2*t(a). Determine q(-6).
0
Let x = 12448 - 12451. Let w(j) = 2*j**3 + 2*j**2 - 6*j. Calculate w(x).
-18
Let i(c) = c**2 + 3*c + 2. Let a(l) = -l**3 - 9*l**2 - 14*l. Let g be a(-7). Suppose g*m + 132 = 2*m. Let n = -68 + m. What is i(n)?
0
Let a(p) be the third derivative of 1/12*p**5 + 1/12*p**4 - 41*p**2 - 2*p + 1/120*p**6 + 1/3*p**3 + 0. Calculate a(-5).
-8
Let l(h) = 3*h**2 + 5*h + 0*h**2 - 3 + 2*h**2 - 4*h**2. Let w be l(-6). Let o be (-20)/30*w/(-1). Let a(q) = 8*q - 3. What is a(o)?
13
Let a(z) = z + 1. Let v be a(-1). Let g(b) = -432 - 432 + 5*b - 436 - 425 - 432 + 2162. Calculate g(v).
5
Let m(a) = -4*a**3 - a**2 - 3*a + 8. Let r(j) = 7*j**3 + j**2 + 5*j - 15. Let n(l) = -5*m(l) - 3*r(l). Let q(x) = 36*x + 364. Let w be q(-10). Calculate n(w).
-27
Suppose -5*w - 6*d + 8*d - 2 = 0, -4*w + 3*d + 4 = 0. Let z(f) = f**2 + 12*f + 4. Let y(k) = 4*k**2 + 50*k + 17. Let j(a) = w*y(a) + 9*z(a). What is j(-6)?
-10
Let f(l) be the second derivative of 0 - 1/120*l**5 + 10/3*l**3 + 1/8*l**4 + 0*l**2 + 5*l. Let c(o) be the second derivative of f(o). Calculate c(3).
0
Let t(s) = 20*s - 148. Let q be t(7). Let f(m) = 0 + m - 2 + 5*m + 2*m + m**2. What is f(q)?
-2
Let a(w) = -94*w + w**3 + 86*w + 44*w**2 - 90*w**2 + 12 + 43*w**2. Determine a(4).
-4
Let j be 63/21*-4 - -13. Let i(s) = 7*s**3 + s**2 - s - 1. Determine i(j).
6
Suppose 0 = 39*p - 13 - 120 - 101. Let g(j) = j**3 - 3*j**2 - 12*j - 8. What is g(p)?
28
Let s(n) = -5*n + 225. Let o be s(43). Let u be (0 - 4 - -2) + o + -4. Let d(f) be the third derivative of f**5/60 - f**4/6 + f**3/6 - f**2. Determine d(u).
1
Let v be -2*(1 - (-12)/(-3)). Suppose -h = -3*h + v. Let d(b) = 9*b**2 + 2*b - 5. Let y(s) = -5*s**2 - s + 3. Let a(i) = h*d(i) + 5*y(i). What is a(-1)?
1
Let i(u) = 16*u + 52. Let t(l) = 26*l + 74. Let z(g) = 8*i(g) - 5*t(g). Calculate z(7).
32
Suppose 35*x - 629 = 106. Suppos